[INFO] fetching crate tempmail-lol 0.1.0...
[INFO] checking tempmail-lol-0.1.0 against master#9610dfe5a9a731ced1ea4923ecbd0c57fe367898 for beta-170-4
[INFO] extracting crate tempmail-lol 0.1.0 into /workspace/builds/worker-5-tc1/source
[INFO] validating manifest of crates.io crate tempmail-lol 0.1.0 on toolchain 9610dfe5a9a731ced1ea4923ecbd0c57fe367898
[INFO] running `Command { std: CARGO_HOME="/workspace/cargo-home" RUSTUP_HOME="/workspace/rustup-home" "/workspace/cargo-home/bin/cargo" "+9610dfe5a9a731ced1ea4923ecbd0c57fe367898" "metadata" "--manifest-path" "Cargo.toml" "--no-deps", kill_on_drop: false }`
[INFO] started tweaking crates.io crate tempmail-lol 0.1.0
[INFO] finished tweaking crates.io crate tempmail-lol 0.1.0
[INFO] tweaked toml for crates.io crate tempmail-lol 0.1.0 written to /workspace/builds/worker-5-tc1/source/Cargo.toml
[INFO] crate crates.io crate tempmail-lol 0.1.0 already has a lockfile, it will not be regenerated
[INFO] running `Command { std: CARGO_HOME="/workspace/cargo-home" RUSTUP_HOME="/workspace/rustup-home" "/workspace/cargo-home/bin/cargo" "+9610dfe5a9a731ced1ea4923ecbd0c57fe367898" "fetch" "--manifest-path" "Cargo.toml", kill_on_drop: false }`
[INFO] running `Command { std: "docker" "create" "-v" "/var/lib/crater-agent-workspace/builds/worker-5-tc1/target:/opt/rustwide/target:rw,Z" "-v" "/var/lib/crater-agent-workspace/builds/worker-5-tc1/source:/opt/rustwide/workdir:ro,Z" "-v" "/var/lib/crater-agent-workspace/cargo-home:/opt/rustwide/cargo-home:ro,Z" "-v" "/var/lib/crater-agent-workspace/rustup-home:/opt/rustwide/rustup-home:ro,Z" "-e" "SOURCE_DIR=/opt/rustwide/workdir" "-e" "CARGO_TARGET_DIR=/opt/rustwide/target" "-e" "CARGO_HOME=/opt/rustwide/cargo-home" "-e" "RUSTUP_HOME=/opt/rustwide/rustup-home" "-w" "/opt/rustwide/workdir" "-m" "1610612736" "--user" "0:0" "--network" "none" "ghcr.io/rust-lang/crates-build-env/linux@sha256:19e73879b68f455e41552ea35293514db52ea292d993f571636dbffedb77a1ee" "/opt/rustwide/cargo-home/bin/cargo" "+9610dfe5a9a731ced1ea4923ecbd0c57fe367898" "metadata" "--no-deps" "--format-version=1", kill_on_drop: false }`
[INFO] [stdout] ed6655a23fe3b005b64b4845cca2a1c2485d55b5113ffd33fc29c16402062837
[INFO] running `Command { std: "docker" "start" "-a" "ed6655a23fe3b005b64b4845cca2a1c2485d55b5113ffd33fc29c16402062837", kill_on_drop: false }`
[INFO] running `Command { std: "docker" "inspect" "ed6655a23fe3b005b64b4845cca2a1c2485d55b5113ffd33fc29c16402062837", kill_on_drop: false }`
[INFO] running `Command { std: "docker" "rm" "-f" "ed6655a23fe3b005b64b4845cca2a1c2485d55b5113ffd33fc29c16402062837", kill_on_drop: false }`
[INFO] [stdout] ed6655a23fe3b005b64b4845cca2a1c2485d55b5113ffd33fc29c16402062837
[INFO] running `Command { std: "docker" "create" "-v" "/var/lib/crater-agent-workspace/builds/worker-5-tc1/target:/opt/rustwide/target:rw,Z" "-v" "/var/lib/crater-agent-workspace/builds/worker-5-tc1/source:/opt/rustwide/workdir:ro,Z" "-v" "/var/lib/crater-agent-workspace/cargo-home:/opt/rustwide/cargo-home:ro,Z" "-v" "/var/lib/crater-agent-workspace/rustup-home:/opt/rustwide/rustup-home:ro,Z" "-e" "SOURCE_DIR=/opt/rustwide/workdir" "-e" "CARGO_TARGET_DIR=/opt/rustwide/target" "-e" "CARGO_INCREMENTAL=0" "-e" "RUST_BACKTRACE=full" "-e" "RUSTFLAGS=--cap-lints=forbid" "-e" "RUSTDOCFLAGS=--cap-lints=forbid" "-e" "CARGO_HOME=/opt/rustwide/cargo-home" "-e" "RUSTUP_HOME=/opt/rustwide/rustup-home" "-w" "/opt/rustwide/workdir" "-m" "1610612736" "--user" "0:0" "--network" "none" "ghcr.io/rust-lang/crates-build-env/linux@sha256:19e73879b68f455e41552ea35293514db52ea292d993f571636dbffedb77a1ee" "/opt/rustwide/cargo-home/bin/cargo" "+9610dfe5a9a731ced1ea4923ecbd0c57fe367898" "check" "--frozen" "--all" "--all-targets" "--message-format=json", kill_on_drop: false }`
[INFO] [stdout] 926f791d2dd798828b090299d95a9033a977c7f33f4d02cd64e3ecedd67ab5df
[INFO] running `Command { std: "docker" "start" "-a" "926f791d2dd798828b090299d95a9033a977c7f33f4d02cd64e3ecedd67ab5df", kill_on_drop: false }`
[INFO] [stderr]    Compiling proc-macro2 v1.0.49
[INFO] [stderr]    Compiling quote v1.0.23
[INFO] [stderr]    Compiling unicode-ident v1.0.6
[INFO] [stderr]    Compiling syn v1.0.107
[INFO] [stderr]    Compiling libc v0.2.139
[INFO] [stderr]     Checking cfg-if v1.0.0
[INFO] [stderr]    Compiling log v0.4.17
[INFO] [stderr]     Checking pin-project-lite v0.2.9
[INFO] [stderr]     Checking once_cell v1.17.0
[INFO] [stderr]    Compiling cc v1.0.78
[INFO] [stderr]    Compiling pkg-config v0.3.26
[INFO] [stderr]    Compiling futures-core v0.3.25
[INFO] [stderr]     Checking bytes v1.3.0
[INFO] [stderr]    Compiling tokio v1.23.0
[INFO] [stderr]     Checking itoa v1.0.5
[INFO] [stderr]    Compiling slab v0.4.7
[INFO] [stderr]    Compiling futures-task v0.3.25
[INFO] [stderr]    Compiling indexmap v1.9.2
[INFO] [stderr]    Compiling openssl v0.10.45
[INFO] [stderr]    Compiling futures-util v0.3.25
[INFO] [stderr]     Checking tracing-core v0.1.30
[INFO] [stderr]     Checking fnv v1.0.7
[INFO] [stderr]    Compiling serde_derive v1.0.152
[INFO] [stderr]     Checking foreign-types-shared v0.1.1
[INFO] [stderr]     Checking tinyvec_macros v0.1.0
[INFO] [stderr]     Checking foreign-types v0.3.2
[INFO] [stderr]    Compiling native-tls v0.2.11
[INFO] [stderr]    Compiling serde v1.0.152
[INFO] [stderr]     Checking futures-sink v0.3.25
[INFO] [stderr]    Compiling futures-channel v0.3.25
[INFO] [stderr]     Checking futures-io v0.3.25
[INFO] [stderr]     Checking pin-utils v0.1.0
[INFO] [stderr]    Compiling httparse v1.8.0
[INFO] [stderr]     Checking http v0.2.8
[INFO] [stderr]     Checking tinyvec v1.6.0
[INFO] [stderr]     Checking openssl-probe v0.1.5
[INFO] [stderr]     Checking try-lock v0.2.3
[INFO] [stderr]     Checking tracing v0.1.37
[INFO] [stderr]     Checking percent-encoding v2.2.0
[INFO] [stderr]     Checking want v0.3.0
[INFO] [stderr]    Compiling encoding_rs v0.8.31
[INFO] [stderr]     Checking form_urlencoded v1.1.0
[INFO] [stderr]     Checking ryu v1.0.12
[INFO] [stderr]    Compiling serde_json v1.0.91
[INFO] [stderr]     Checking unicode-bidi v0.3.8
[INFO] [stderr]     Checking httpdate v1.0.2
[INFO] [stderr]     Checking tower-service v0.3.2
[INFO] [stderr]    Compiling thiserror v1.0.38
[INFO] [stderr]     Checking ipnet v2.7.0
[INFO] [stderr]     Checking base64 v0.13.1
[INFO] [stderr]     Checking mime v0.3.16
[INFO] [stderr]    Compiling openssl-sys v0.9.80
[INFO] [stderr]     Checking mio v0.8.5
[INFO] [stderr]     Checking socket2 v0.4.7
[INFO] [stderr]     Checking num_cpus v1.15.0
[INFO] [stderr]     Checking unicode-normalization v0.1.22
[INFO] [stderr]     Checking http-body v0.4.5
[INFO] [stderr]     Checking idna v0.3.0
[INFO] [stderr]     Checking url v2.3.1
[INFO] [stderr]    Compiling tokio-macros v1.8.2
[INFO] [stderr]    Compiling openssl-macros v0.1.0
[INFO] [stderr]    Compiling thiserror-impl v1.0.38
[INFO] [stderr]     Checking tokio-util v0.7.4
[INFO] [stderr]     Checking tokio-native-tls v0.3.0
[INFO] [stderr]     Checking h2 v0.3.15
[INFO] [stderr]     Checking serde_urlencoded v0.7.1
[INFO] [stderr]     Checking hyper v0.14.23
[INFO] [stderr]     Checking hyper-tls v0.5.0
[INFO] [stderr]     Checking reqwest v0.11.13
[INFO] [stderr]     Checking tempmail-lol v0.1.0 (/opt/rustwide/workdir)
[INFO] [stdout] error[E0425]: cannot find function `create_domain_inbox_async` in crate `tempmail_lol`
[INFO] [stdout]   --> examples/domain_async.rs:11:31
[INFO] [stdout]    |
[INFO] [stdout] 11 |     let inbox = tempmail_lol::create_domain_inbox_async(domain).await?;
[INFO] [stdout]    |                               ^^^^^^^^^^^^^^^^^^^^^^^^^ help: a function with a similar name exists: `create_domain_inbox`
[INFO] [stdout]    |
[INFO] [stdout]   ::: /opt/rustwide/workdir/src/blocking_req.rs:18:1
[INFO] [stdout]    |
[INFO] [stdout] 18 | pub fn create_domain_inbox(domain: String) -> Result<Inbox, TempMailError> {
[INFO] [stdout]    | -------------------------------------------------------------------------- similarly named function `create_domain_inbox` defined here
[INFO] [stdout] 
[INFO] [stdout] 
[INFO] [stdout] error[E0425]: cannot find function `get_inbox_emails_async` in crate `tempmail_lol`
[INFO] [stdout]   --> examples/domain_async.rs:17:32
[INFO] [stdout]    |
[INFO] [stdout] 17 |     let emails = tempmail_lol::get_inbox_emails_async(inbox.token).await?;
[INFO] [stdout]    |                                ^^^^^^^^^^^^^^^^^^^^^^ help: a function with a similar name exists: `get_inbox_emails`
[INFO] [stdout]    |
[INFO] [stdout]   ::: /opt/rustwide/workdir/src/blocking_req.rs:32:1
[INFO] [stdout]    |
[INFO] [stdout] 32 | pub fn get_inbox_emails(token: String) -> Result<Vec<Email>, TempMailError> {
[INFO] [stdout]    | --------------------------------------------------------------------------- similarly named function `get_inbox_emails` defined here
[INFO] [stdout] 
[INFO] [stdout] 
[INFO] [stdout] error[E0425]: cannot find function `create_inbox_async` in crate `tempmail_lol`
[INFO] [stdout]  --> examples/simple_async.rs:7:31
[INFO] [stdout]   |
[INFO] [stdout] 7 |     let inbox = tempmail_lol::create_inbox_async().await?;
[INFO] [stdout]   |                               ^^^^^^^^^^^^^^^^^^ help: a function with a similar name exists: `create_inbox`
[INFO] [stdout]   |
[INFO] [stdout]  ::: /opt/rustwide/workdir/src/blocking_req.rs:4:1
[INFO] [stdout]   |
[INFO] [stdout] 4 | pub fn create_inbox() -> Result<Inbox, TempMailError> {
[INFO] [stdout]   | ----------------------------------------------------- similarly named function `create_inbox` defined here
[INFO] [stdout] 
[INFO] [stdout] 
[INFO] [stdout] error[E0425]: cannot find function `get_inbox_emails_async` in crate `tempmail_lol`
[INFO] [stdout]   --> examples/simple_async.rs:13:32
[INFO] [stdout]    |
[INFO] [stdout] 13 |     let emails = tempmail_lol::get_inbox_emails_async(inbox.token).await?;
[INFO] [stdout]    |                                ^^^^^^^^^^^^^^^^^^^^^^ help: a function with a similar name exists: `get_inbox_emails`
[INFO] [stdout]    |
[INFO] [stdout]   ::: /opt/rustwide/workdir/src/blocking_req.rs:32:1
[INFO] [stdout]    |
[INFO] [stdout] 32 | pub fn get_inbox_emails(token: String) -> Result<Vec<Email>, TempMailError> {
[INFO] [stdout]    | --------------------------------------------------------------------------- similarly named function `get_inbox_emails` defined here
[INFO] [stdout] 
[INFO] [stdout] 
[INFO] [stdout] error: aborting due to 2 previous errors
[INFO] [stdout] 
[INFO] [stdout] 
[INFO] [stdout] For more information about this error, try `rustc --explain E0425`.
[INFO] [stdout] 
[INFO] [stdout] error: aborting due to 2 previous errors
[INFO] [stdout] 
[INFO] [stdout] 
[INFO] [stdout] For more information about this error, try `rustc --explain E0425`.
[INFO] [stdout] 
[INFO] [stderr] error: could not compile `tempmail-lol` (example "simple_async") due to 3 previous errors
[INFO] [stderr] warning: build failed, waiting for other jobs to finish...
[INFO] [stderr] error: could not compile `tempmail-lol` (example "domain_async") due to 3 previous errors
[INFO] running `Command { std: "docker" "inspect" "926f791d2dd798828b090299d95a9033a977c7f33f4d02cd64e3ecedd67ab5df", kill_on_drop: false }`
[INFO] running `Command { std: "docker" "rm" "-f" "926f791d2dd798828b090299d95a9033a977c7f33f4d02cd64e3ecedd67ab5df", kill_on_drop: false }`
[INFO] [stdout] 926f791d2dd798828b090299d95a9033a977c7f33f4d02cd64e3ecedd67ab5df
